- 47 + 34*m + 123. Determine n(9).
-6
Let f(x) = 4*x - 32. Let b be (-184)/322 + (2 - 60/(-7)). Determine f(b).
8
Suppose 3*w - w + 6 = 0. Let n(i) = 244*i - 8. Let g(v) = 406*v - 15. Let y(m) = 3*g(m) - 5*n(m). Determine y(w).
1
Let i(b) = 2*b**2 + 7*b - 3. Let m(r) = -r**2 - 7*r + 2. Let p(q) = -3*i(q) - 4*m(q). Let a be (-135)/63*10/((-150)/35). What is p(a)?
-14
Suppose -5*c + s = 17, c - 14*s - 7 = -19*s. Let n(r) = r - 1 + 3*r**2 - 1 + 0*r**2. Determine n(c).
22
Let w(l) = -l**3 - 11*l**2 - 13. Let x be ((-22)/10*-5)/(-1). Calculate w(x).
-13
Let r(u) be the first derivative of u**4/4 + 4*u**3 - 7*u**2 + 15*u - 6617. Determine r(-13).
28
Let a be -6*((-4)/(-10) + 3068/(-1770)). Let p(y) = -y**2 - 4*y + 24. What is p(a)?
-72
Let z(w) be the first derivative of 2*w**3/3 - 12*w**2 + 12*w - 2121. Give z(13).
38
Suppose 6*z + 5*y + 15 = 3*z, y = -3*z - 15. Let j(f) be the third derivative of -f**6/120 - f**5/12 + f**4/8 + 2*f**3/3 + 238*f**2 - 3. Determine j(z).
-11
Let t(i) = i**3 - 8*i**2 - 2. Suppose -u - 60*m - 36 = -53*m, 2*u = 4*m + 36. Calculate t(u).
-74
Let w be 15/(-20)*3*28/21. Suppose -4*x + 2*x = -4. Let c(f) = 1 + 0*f - f + x - f**2. Give c(w).
-3
Let l be 3 + (-1 - 2 - (8 + -13)). Let t(v) = 2 - l*v + 14 - 6 + 1 - 4. Calculate t(6).
-23
Let d(v) be the second derivative of -v**4/12 - 7*v**3/6 - 11*v**2/2 + 2*v - 38. Calculate d(-5).
-1
Let x(p) = 8 - 28 + 124*p - 8 - 122*p. What is x(7)?
-14
Suppose 0 = 34*f + 2*f - 540. Let n(x) = x**3 - 16*x**2 + 15*x + 8. Calculate n(f).
8
Let u(f) = -2*f**2 - 7*f - 5. Let j be ((-12)/(-9))/((-2)/(-3)). Suppose -16*i - 66 = -514. Suppose -j*k = -9*k - i. Give u(k).
-9
Let t(v) be the first derivative of -v**2/2 + 3*v + 43. Suppose -5*l = u - 2*u, -5*u + 4*l = -21. Suppose -5 = -u*y - 40. What is t(y)?
10
Let w(i) be the first derivative of i**4/24 + 7*i**3/3 + 27*i**2/2 - 47. Let m(l) be the second derivative of w(l). Calculate m(-6).
8
Let k(g) be the third derivative of g**7/840 + 7*g**6/360 + g**5/20 + g**4/6 - g**3/2 + 28*g**2. Let v(s) be the first derivative of k(s). Give v(-6).
4
Suppose 60*v + 40 = 65*v. Let l be (-9 + v)*(-8 + 3). Let p(n) = -3*n**2 + 6*n - 8. Let q(i) = i**2 - i + 1. Let u(t) = p(t) + 2*q(t). Calculate u(l).
-11
Let x(t) = -6*t. Suppose 5*n + 20 = -f, 5*f - 4*f - n = 10. Let c(l) = -5*l + 1 + f*l + 13*l. Let q(s) = 2*c(s) + 5*x(s). Calculate q(2).
-6
Let y(f) = -27*f + 31. Let g = -5300 - -5305. What is y(g)?
-104
Let g(a) = a**3 - 3*a**2 + 2*a + 4. Let y be 34/(-17)*5/(-2). Suppose -2*n = y*m - 26, -4*m - 7*n + 28 = -3*n. Determine g(m).
28
Let r(h) be the third derivative of h**5/40 + 2*h**4/3 - 205*h**3/6 - h**2 - 41*h. Let y(k) be the first derivative of r(k). Determine y(-8).
-8
Let p(b) = -b**3 + 57*b**2 - 2*b + 110. Suppose -5*u + 1839 - 2865 = -23*u. Give p(u).
-4
Let q(u) = -1149*u**2 - 1150*u**2 + 2300*u**2 - 2 - 10 + 5*u. What is q(2)?
2
Let d(i) = 2*i**3 - 10*i**2 - i - 6. Suppose -33*k - 132*k - 209 = -1034. Calculate d(k).
-11
Let c(d) = 35 + 4*d + 77 + 1 + 17*d + 38. Determine c(-7).
4
Let k(o) = 223*o**2 - 21*o + 7. Let w(s) = 186*s**2 - 19*s + 6. Let z(x) = 5*k(x) - 6*w(x). Let i = -14 + 20. What is z(i)?
17
Let l(u) = -7*u**2 + 17*u - 3. Suppose -2*g - 380 = 2*g. Let m = -90 - g. Let o(d) = 5*d**2 - 11*d + 2. Let h(z) = m*l(z) + 8*o(z). Determine h(2).
15
Let o(t) be the second derivative of -3/20*t**5 - 1/6*t**4 + 148*t + 1/6*t**3 + t**2 + 0. Determine o(2).
-28
Let f be 2/(-8) - ((-310)/30 + 10). Let w(k) be the second derivative of f*k**4 + 1/2*k**2 + 1/2*k**3 - 17*k + 0. Give w(-2).
-1
Let v(n) = 16*n**2 + 4*n. Let o(k) = -k**2 - k. Let s(r) = -5*o(r) - v(r). Suppose -23 = -3*i + 4*d, -38 = -4*i - d - 39. Calculate s(i).
-10
Let n(j) = 13*j**2 + 101. Let x(r) = 12*r**2 + 102. Let s(k) = -3*n(k) + 2*x(k). Let t(d) be the first derivative of s(d). Give t(-1).
30
Let f(z) = -z + 8. Let o be f(8). Let r(b) = 4*b - 4*b + o*b**2 - 2 - b**3 - b + 0*b - 2*b**2. What is r(-2)?
0
Let k(o) = 2*o**3 + 4*o**2 + 5*o + 5. Let m(p) = -68*p + 338. Let v be m(5). Calculate k(v).
-5
Let h(i) = -41*i + 60. Let z(n) = -22*n + 33. Let k(o) = 6*h(o) - 11*z(o). Calculate k(9).
-39
Suppose 15 = -3*a + 21. Let i(g) = -3*g + 10. Let y be i(a). Suppose 0 = -y*o + 2 + 18. Let t(x) = 2*x - 1. Calculate t(o).
9
Let o(q) = -3*q - 5. Let d = 3986 - 3996. What is o(d)?
25
Let y(n) = -44*n - 23. Let u(v) be the second derivative of 11*v**3/6 + 5*v**2/2 - 7*v + 1. Let i(d) = -9*u(d) - 2*y(d). Calculate i(3).
-32
Let y(b) be the first derivative of -b - 2 - 11/2*b**2. Calculate y(-1).
10
Let a(x) = -2*x**2 - 20*x + 1. Suppose -9*y + 4*y = -2*h + 59, -y = -5*h - 2. Let p(j) = 4*j**2 + 42*j - 3. Let f(d) = y*a(d) - 6*p(d). Determine f(-6).
29
Let d = 306 + -282. Suppose 0 = -q + 4, -44 = 4*h + 4*q - d. Let g(p) = -3*p - 8. Give g(h).
19
Let o(u) be the first derivative of u**4/4 + 13*u**3/3 - u**2/2 - u + 382. Calculate o(-13).
12
Let x(g) = 2*g + 1. Let l(i) = 5*i + 9. Suppose 3*o + 4*k = -11, o = -k - 10 + 7. Let m(w) = o*l(w) + 2*x(w). Calculate m(-6).
-1
Let m(r) = 2*r**2 - 10*r - 7. Let x = 57 - 49. Let o be m(x). Let f(k) = -5 - 39*k + 4 + o*k + 0. What is f(-4)?
-9
Suppose 0 = 71*m + 31*m - 20*m - 164. Let w(b) = -40*b + 8. Determine w(m).
-72
Suppose -2*g = -3*l - 35, -38 + 13 = 5*l. Let k(d) = -6*d + 62. Give k(g).
2
Let b(q) be the third derivative of -q**6/120 + q**5/20 + 5*q**4/24 + 1663*q**2. Give b(-2).
10
Let s(v) = -2*v**3 - 2*v**2 - v + 1. Suppose 0 = 8*r - 1144 + 112. Suppose 2*p + r = 133. Determine s(p).
-25
Let f(l) = 2*l + 2*l + 2 - 4*l + l. Let x be 2 + -4 - 8/1. Let m = -15 - x. Determine f(m).
-3
Let t(r) = r**3 - 3*r**2 - 2*r - 4. Suppose 5*o = 3*y + 29, -4*o - 5*y - 103 + 104 = 0. Determine t(o).
4
Let w(b) = 3*b - 1. Suppose -2*u - 5 = -7*u. Let a(x) = x**3 - 7*x**2 - 6*x - 14. Let f be a(8). Let j(h) = -h + 1. Let o(l) = f*j(l) + u*w(l). Give o(-3).
-2
Let r(v) = 2*v**2 + 4. Let p(b) = b**2 - 205*b + 1 - 201*b + 3 + 408*b. Let o(j) = 3*p(j) - 2*r(j). What is o(6)?
4
Let a(c) = -17*c - 15. Let u(d) = -7*d - 14. Let q(r) = -2*a(r) + 3*u(r). What is q(4)?
40
Suppose -11*p + 800 = -6*p. Let g(b) = -b**2 - 299*b + p*b + 146*b. Determine g(6).
6
Suppose -19*p + 2 = -18*p. Suppose -4*t - 3*u - 3 = 0, 5*t + 6 = -2*u + 11. Let z(f) = p*f - 1 + f**t + 3*f - 2 - 4*f**2 - 3*f. Give z(2).
-7
Let r(k) be the second derivative of k**4/12 + 3*k**3/2 - 2*k**2 + 4*k. Let i(y) = 4*y**3 + 12*y**2 + 3*y + 2. Let n be i(-3). What is r(n)?
-18
Let g = 10 + -8. Let a(v) = -4 + 5 - g*v + 0*v. Let m be -5 - (-4 + 4)/(-1). Calculate a(m).
11
Let y = 4528 - 4538. Let r(j) = 3*j**2 + 23*j + 2. What is r(y)?
72
Let d = -4177 + 4169. Let n(h) = h**3 + 6*h**2 - 5*h + 8. What is n(d)?
-80
Suppose 3*u - 2*u = 0. Let s(m) = m + 56. Let o be s(14). Let n(p) = 77 + p + o - 149. What is n(u)?
-2
Let n(r) = -3*r + 3. Suppose -19*f = -10*f - 45. Let h be f + 4 + -3 + 0/(-3). Calculate n(h).
-15
Let q = -44 + 2. Let z be 0 + (-28)/q*(-18)/4. Let t(d) = -d**2 - 3*d + 1. Calculate t(z).
1
Let l(f) = -f**2 + 15*f - 12. Suppose 3*v + 30*g - 31*g - 32 = 0, -3*v + 5*g + 16 = 0. Calculate l(v).
24
Suppose 2*y - 8 = -22. Let a(r) = 9*r + 58. What is a(y)?
-5
Suppose 74 - 63 = -134*y - 927. Let n(m) = -8*m - 67. Give n(y).
-11
Let y(v) = -v**2 + 3*v + 6. Suppose 0 = 5*l - 4*z - 30, 3*z + 0 = 2*l - 19. Suppose -3*m = -0*m - 4*b - 20, l*b - 2 = 0. Calculate y(m).
-34
Let r(w) = -7 - 124*w - 3 + 126*w - 7 - 6. Calculate r(12).
1
Let n(m) be the first derivative of -m**2 + 45*m - 4607. Calculate n(-12).
69
Let v(z) = 5*z**3 - 35*z**2 + 40*z - 63. Let c(g) = -g**3 - g. Let b(x) = -4*c(x) - v(x). Calculate b(34).
-5
Let f(a) = -a**3 + 5*a**2 - 2*a - 2. Let t(h) = -3*h**3 - h**2 - 2*h - 2. Suppose 2*u - u + 3 = 0. Let v = 2 + u. Let g be t(v). Determine f(g).
6
Let b(n) = n - n**2 + 2*n - n. Let i(s) = s**3 - 25*s**2 + 3*s - 52. Let l be i(25). Let f be 2/(-5)*(18 - l). Determine b(f).
0
Let u be 2/11 + 126/33. Suppose o + j = 4*o - 1, -5*o + u*j + 4 = 0. Let y(d) = -4*d**2 - d**2 - 8*d**2 - 7 + 14*d**2. What is y(o)?
-7
Let j(k) = -10*k**2 - 3*k - 2. Suppose 0 = -a + 5*r + 37, 4*a - 4*r + 17 - 85 = 0. Let h(t) = -2*t**3 + 23*t**2 + 10*t + 23. Let z be h(a). Give j(z).
-9
Let m(b) = b**3 + 29*b**2 + 27*b